{"id":517,"date":"2020-10-07T13:03:53","date_gmt":"2020-10-07T11:03:53","guid":{"rendered":"https:\/\/www.museonitsch.org\/?post_type=omt&#038;p=517"},"modified":"2021-02-07T08:52:15","modified_gmt":"2021-02-07T07:52:15","slug":"135-aktion-havana-cuba-2012","status":"publish","type":"omt","link":"https:\/\/www.museonitsch.org\/it\/omt\/135-aktion-havana-cuba-2012\/","title":{"rendered":"135.aktion havana cuba 2012"},"content":{"rendered":"<p>135.aktion dionysos versus the crucified (part 1)<br \/>\nisa university 11.biennale havana cuba<br \/>\n14 maggio 2012<\/p>\n<p>grazie all&#8217;iniziativa di giuseppe morra, una grande azione \u00e8 stata organizzata in occasione della 11 biennale all\u2019universit\u00e0 di belle arti di havana. jorge fern\u00e1ndez torres un importante curatore cubano aveva visto il mio museo a napoli e chiesto a morra di metterci in contatto. molti dei miei amici italiani mi hanno accompagnato: primo fra tutti morra, il mio direttore andrea cusumano, tanti attori del mio solito gruppo italiano e mio figlio leo. il mio direttore andrea cusumano realizza la mia musica in modo travolgente. leo dirige. gli attori attivi e passivi cubani hanno svolto la mia azione con entusiasmo estatico. raramente il mio lavoro \u00e8 stato compreso cos\u00ec bene e facilmente dai giovani. un tema che mi ha impegnato tutta la vita &#8220;dioniso contro il crocifisso&#8221; \u00e8 stato la meta di questa azione. l&#8217;azione a cuba doveva essere la prima parte. la seconda parte \u00e8 stata realizzata nel 2013 al centraltheater di lipsia. il trattamento naturale della carne cruda, del sangue e delle viscere aveva le sue radici nella vicinanza alla natura della sensibilit\u00e0 religiosa caraibica. mi ha fatto molto piacere che l&#8217;universit\u00e0 cubana mi abbia conferito un dottorato onorario subito dopo l\u2019azione.<\/p>\n","protected":false},"featured_media":0,"template":"","tipologia":[3],"class_list":["post-517","omt","type-omt","status-publish","hentry","tipologia-azioni"],"acf":[],"_links":{"self":[{"href":"https:\/\/www.museonitsch.org\/it\/wp-json\/wp\/v2\/omt\/517","targetHints":{"allow":["GET"]}}],"collection":[{"href":"https:\/\/www.museonitsch.org\/it\/wp-json\/wp\/v2\/omt"}],"about":[{"href":"https:\/\/www.museonitsch.org\/it\/wp-json\/wp\/v2\/types\/omt"}],"wp:attachment":[{"href":"https:\/\/www.museonitsch.org\/it\/wp-json\/wp\/v2\/media?parent=517"}],"wp:term":[{"taxonomy":"tipologia","embeddable":true,"href":"https:\/\/www.museonitsch.org\/it\/wp-json\/wp\/v2\/tipologia?post=517"}],"curies":[{"name":"wp","href":"https:\/\/api.w.org\/{rel}","templated":true}]}}

<p>135.aktion dionysos versus the crucified (part 1)<br />
isa university 11.biennale havana cuba<br />
14 maggio 2012</p>
<p>grazie all&#8217;iniziativa di giuseppe morra, una grande azione è stata organizzata in occasione della 11 biennale all’università di belle arti di havana. jorge fernández torres un importante curatore cubano aveva visto il mio museo a napoli e chiesto a morra di metterci in contatto. molti dei miei amici italiani mi hanno accompagnato: primo fra tutti morra, il mio direttore andrea cusumano, tanti attori del mio solito gruppo italiano e mio figlio leo. il mio direttore andrea cusumano realizza la mia musica in modo travolgente. leo dirige. gli attori attivi e passivi cubani hanno svolto la mia azione con entusiasmo estatico. raramente il mio lavoro è stato compreso così bene e facilmente dai giovani. un tema che mi ha impegnato tutta la vita &#8220;dioniso contro il crocifisso&#8221; è stato la meta di questa azione. l&#8217;azione a cuba doveva essere la prima parte. la seconda parte è stata realizzata nel 2013 al centraltheater di lipsia. il trattamento naturale della carne cruda, del sangue e delle viscere aveva le sue radici nella vicinanza alla natura della sensibilità religiosa caraibica. mi ha fatto molto piacere che l&#8217;università cubana mi abbia conferito un dottorato onorario subito dopo l’azione.</p>
